{"id":266,"date":"2026-04-02T11:52:45","date_gmt":"2026-04-02T09:52:45","guid":{"rendered":"https:\/\/hypnosens91.fr\/?page_id=266"},"modified":"2026-04-02T11:53:52","modified_gmt":"2026-04-02T09:53:52","slug":"soins-energetiques","status":"publish","type":"page","link":"https:\/\/hypnosens91.fr\/index.php\/soins-energetiques\/","title":{"rendered":"Soins \u00e9nerg\u00e9tiques"},"content":{"rendered":"<p><!-- PAGE SOINS \u00c9NERG\u00c9TIQUES - hypnosens91.fr --><\/p>\n<div class=\"hs-service-page hs-service-page--green\"><!-- CONTENU PRINCIPAL --><\/p>\n<div class=\"hs-sp-body\"><!-- En-t\u00eate de la fiche --><\/p>\n<div class=\"hs-sp-card\">\n<div class=\"hs-sp-card__header\"><!-- SVG feuilles (repris depuis la page d'accueil) --><\/p>\n<div class=\"hs-sp-card__icon hs-card__icon--green\">\n          <svg width=\"100\" height=\"100\" viewBox=\"0 0 150 150\" xmlns=\"http:\/\/www.w3.org\/2000\/svg\">\n            <circle cx=\"75\" cy=\"75\" r=\"72\" fill=\"#c8e6c9\" opacity=\"0.35\"\/>\n            <circle cx=\"75\" cy=\"75\" r=\"60\" fill=\"#a5d6a7\" opacity=\"0.45\"\/>\n            <g stroke=\"#4a7c4e\" fill=\"#4a7c4e\" transform=\"translate(75,75)\">\n              <ellipse cx=\"0\" cy=\"-24\" rx=\"10\" ry=\"20\" transform=\"rotate(-20,0,-24)\" opacity=\"0.9\"\/>\n              <ellipse cx=\"14\" cy=\"-16\" rx=\"9\" ry=\"18\" transform=\"rotate(30,14,-16)\" opacity=\"0.85\"\/>\n              <ellipse cx=\"-14\" cy=\"-16\" rx=\"9\" ry=\"18\" transform=\"rotate(-30,-14,-16)\" opacity=\"0.85\"\/>\n              <ellipse cx=\"20\" cy=\"0\" rx=\"8\" ry=\"16\" transform=\"rotate(60,20,0)\" opacity=\"0.75\"\/>\n              <ellipse cx=\"-20\" cy=\"0\" rx=\"8\" ry=\"16\" transform=\"rotate(-60,-20,0)\" opacity=\"0.75\"\/>\n              <ellipse cx=\"10\" cy=\"18\" rx=\"7\" ry=\"14\" transform=\"rotate(80,10,18)\" opacity=\"0.65\"\/>\n              <ellipse cx=\"-10\" cy=\"18\" rx=\"7\" ry=\"14\" transform=\"rotate(-80,-10,18)\" opacity=\"0.65\"\/>\n            <\/g>\n            <g stroke=\"#2e5e32\" fill=\"none\" stroke-width=\"1.2\" transform=\"translate(75,75)\">\n              <line x1=\"0\" y1=\"30\" x2=\"0\" y2=\"-10\"\/>\n              <path d=\"M0 10 Q8 0 14 -14\" stroke-width=\"1\"\/>\n              <path d=\"M0 10 Q-8 0 -14 -14\" stroke-width=\"1\"\/>\n            <\/g>\n            <circle cx=\"75\" cy=\"105\" r=\"3\" fill=\"#2e5e32\" opacity=\"0.6\"\/>\n          <\/svg>\n<\/div>\n<div class=\"hs-sp-card__header-text\">\n<h2 class=\"hs-sp-card__title\">Soins \u00e9nerg\u00e9tiques<\/h2>\n<p>Une approche intuitive soutenue par la m\u00e9thode LaHoChi et le travail par imposition des mains.<\/p>\n<\/div>\n<\/div>\n<p><!-- Deux colonnes : texte + tarifs --><\/p>\n<div class=\"hs-sp-two-col\">\n<div class=\"hs-sp-left\">\n<p>Nous sommes tous constitu\u00e9s d&rsquo;\u00e9nergie.<br \/>\nAu fil de la vie, certaines exp\u00e9riences, \u00e9motions ou \u00e9v\u00e9nements peuvent cr\u00e9er des d\u00e9s\u00e9quilibres, des tensions ou des blocages.<\/p>\n<p>M\u00eame lorsque l&rsquo;on a l&rsquo;impression que les choses sont \u00ab dig\u00e9r\u00e9es \u00bb, il peut rester des empreintes plus subtiles, qui continuent d&rsquo;influencer notre \u00e9tat int\u00e9rieur.<\/p>\n<ul class=\"hs-sp-list hs-sp-list--green\">\n<li>apaiser le stress et les tensions<\/li>\n<li>rel\u00e2cher certains blocages<\/li>\n<li>retrouver de la clart\u00e9 et de l&rsquo;\u00e9lan<\/li>\n<li>se sentir plus align\u00e9 et apais\u00e9<\/li>\n<\/ul>\n<div class=\"hs-sp-rythme\">\n<h4>Rythme propos\u00e9<\/h4>\n<p>Une s\u00e9ance toutes les 3 \u00e0 4 semaines permet de faire un nettoyage profond. Ensuite, vous pouvez espacer selon ce qui vous semble juste en fonction de votre progression.<\/p>\n<\/div>\n<\/div>\n<div class=\"hs-sp-right\">\n<div class=\"hs-sp-tarif-box\">\n<p class=\"hs-sp-tarif-title\">Dur\u00e9e : 1h30<br \/>\nTarif : 70 \u20ac<\/p>\n<div class=\"hs-sp-tarif-detail\">\n<p>La s\u00e9ance comprend :<\/p>\n<ul>\n<li>un temps d&rsquo;\u00e9change en d\u00e9but de s\u00e9ance<\/li>\n<li>le soin \u00e9nerg\u00e9tique<\/li>\n<li>un temps d&rsquo;\u00e9change \u00e0 la fin<\/li>\n<\/ul>\n<\/div>\n<\/div>\n<div class=\"hs-sp-tarif-box hs-sp-tarif-box--alt\">\n<h4>S\u00e9ances enfants<br \/>\n&amp; adolescents<\/h4>\n<p>Dur\u00e9e : 60 \u00e0 90 minutes<br \/>\nTarif : 45 \u20ac<\/p>\n<\/div>\n<p class=\"hs-sp-disclaimer\">Cet accompagnement ne remplace pas un suivi m\u00e9dical. Il peut venir en compl\u00e9ment pour accompagner ce qui se joue sur le plan \u00e9motionnel, \u00e9nerg\u00e9tique.<\/p>\n<\/div>\n<\/div>\n<p><!-- \/two-col --><\/p>\n<\/div>\n<p><!-- \/card --><\/p>\n<p><!-- Citation bas de page --><\/p>\n<p class=\"hs-sp-quote\"><em>S&rsquo;autoriser un moment, c&rsquo;est d\u00e9j\u00e0 transformer quelque chose.<\/em><\/p>\n<p><!-- Bouton CTA --><\/p>\n<div class=\"hs-sp-cta\"><a class=\"hs-btn hs-btn--filled\" href=\"\/index.php\/contact\">R\u00e9server une s\u00e9ance \u203a<\/a><\/div>\n<\/div>\n<p><!-- \/body --><\/p>\n<\/div>\n<p><!-- \/service-page --><\/p>\n","protected":false},"excerpt":{"rendered":"<p>Soins \u00e9nerg\u00e9tiques Une approche intuitive soutenue par la m\u00e9thode LaHoChi et le travail par imposition des mains. Nous sommes tous constitu\u00e9s d&rsquo;\u00e9nergie. Au fil de la vie, certaines exp\u00e9riences, \u00e9motions &hellip; <\/p>\n","protected":false},"author":1,"featured_media":0,"parent":0,"menu_order":0,"comment_status":"closed","ping_status":"closed","template":"","meta":{"footnotes":""},"class_list":["post-266","page","type-page","status-publish","hentry"],"yoast_head":"<!-- This site is optimized with the Yoast SEO plugin v27.2 - https:\/\/yoast.com\/product\/yoast-seo-wordpress\/ -->\n<title>Soins \u00e9nerg\u00e9tiques - Hypnosens<\/title>\n<meta name=\"robots\" content=\"index, follow, max-snippet:-1, max-image-preview:large, max-video-preview:-1\" \/>\n<link rel=\"canonical\" href=\"https:\/\/hypnosens91.fr\/index.php\/soins-energetiques\/\" \/>\n<meta property=\"og:locale\" content=\"fr_FR\" \/>\n<meta property=\"og:type\" content=\"article\" \/>\n<meta property=\"og:title\" content=\"Soins \u00e9nerg\u00e9tiques - Hypnosens\" \/>\n<meta property=\"og:description\" content=\"Soins \u00e9nerg\u00e9tiques Une approche intuitive soutenue par la m\u00e9thode LaHoChi et le travail par imposition des mains. Nous sommes tous constitu\u00e9s d&rsquo;\u00e9nergie. Au fil de la vie, certaines exp\u00e9riences, \u00e9motions &hellip;\" \/>\n<meta property=\"og:url\" content=\"https:\/\/hypnosens91.fr\/index.php\/soins-energetiques\/\" \/>\n<meta property=\"og:site_name\" content=\"Hypnosens\" \/>\n<meta property=\"article:modified_time\" content=\"2026-04-02T09:53:52+00:00\" \/>\n<meta name=\"twitter:card\" content=\"summary_large_image\" \/>\n<meta name=\"twitter:label1\" content=\"Dur\u00e9e de lecture estim\u00e9e\" \/>\n\t<meta name=\"twitter:data1\" content=\"1 minute\" \/>\n<script type=\"application\/ld+json\" class=\"yoast-schema-graph\">{\"@context\":\"https:\/\/schema.org\",\"@graph\":[{\"@type\":\"WebPage\",\"@id\":\"https:\/\/hypnosens91.fr\/index.php\/soins-energetiques\/\",\"url\":\"https:\/\/hypnosens91.fr\/index.php\/soins-energetiques\/\",\"name\":\"Soins \u00e9nerg\u00e9tiques - Hypnosens\",\"isPartOf\":{\"@id\":\"https:\/\/hypnosens91.fr\/#website\"},\"datePublished\":\"2026-04-02T09:52:45+00:00\",\"dateModified\":\"2026-04-02T09:53:52+00:00\",\"breadcrumb\":{\"@id\":\"https:\/\/hypnosens91.fr\/index.php\/soins-energetiques\/#breadcrumb\"},\"inLanguage\":\"fr-FR\",\"potentialAction\":[{\"@type\":\"ReadAction\",\"target\":[\"https:\/\/hypnosens91.fr\/index.php\/soins-energetiques\/\"]}]},{\"@type\":\"BreadcrumbList\",\"@id\":\"https:\/\/hypnosens91.fr\/index.php\/soins-energetiques\/#breadcrumb\",\"itemListElement\":[{\"@type\":\"ListItem\",\"position\":1,\"name\":\"Accueil\",\"item\":\"https:\/\/hypnosens91.fr\/\"},{\"@type\":\"ListItem\",\"position\":2,\"name\":\"Soins \u00e9nerg\u00e9tiques\"}]},{\"@type\":\"WebSite\",\"@id\":\"https:\/\/hypnosens91.fr\/#website\",\"url\":\"https:\/\/hypnosens91.fr\/\",\"name\":\"Hypnosens\",\"description\":\"Hypnose &amp; \u00c9nergie\",\"publisher\":{\"@id\":\"https:\/\/hypnosens91.fr\/#organization\"},\"potentialAction\":[{\"@type\":\"SearchAction\",\"target\":{\"@type\":\"EntryPoint\",\"urlTemplate\":\"https:\/\/hypnosens91.fr\/?s={search_term_string}\"},\"query-input\":{\"@type\":\"PropertyValueSpecification\",\"valueRequired\":true,\"valueName\":\"search_term_string\"}}],\"inLanguage\":\"fr-FR\"},{\"@type\":\"Organization\",\"@id\":\"https:\/\/hypnosens91.fr\/#organization\",\"name\":\"Hypnosens\",\"url\":\"https:\/\/hypnosens91.fr\/\",\"logo\":{\"@type\":\"ImageObject\",\"inLanguage\":\"fr-FR\",\"@id\":\"https:\/\/hypnosens91.fr\/#\/schema\/logo\/image\/\",\"url\":\"https:\/\/hypnosens91.fr\/wp-content\/uploads\/2025\/11\/logo-100.png\",\"contentUrl\":\"https:\/\/hypnosens91.fr\/wp-content\/uploads\/2025\/11\/logo-100.png\",\"width\":100,\"height\":100,\"caption\":\"Hypnosens\"},\"image\":{\"@id\":\"https:\/\/hypnosens91.fr\/#\/schema\/logo\/image\/\"}}]}<\/script>\n<!-- \/ Yoast SEO plugin. -->","yoast_head_json":{"title":"Soins \u00e9nerg\u00e9tiques - Hypnosens","robots":{"index":"index","follow":"follow","max-snippet":"max-snippet:-1","max-image-preview":"max-image-preview:large","max-video-preview":"max-video-preview:-1"},"canonical":"https:\/\/hypnosens91.fr\/index.php\/soins-energetiques\/","og_locale":"fr_FR","og_type":"article","og_title":"Soins \u00e9nerg\u00e9tiques - Hypnosens","og_description":"Soins \u00e9nerg\u00e9tiques Une approche intuitive soutenue par la m\u00e9thode LaHoChi et le travail par imposition des mains. Nous sommes tous constitu\u00e9s d&rsquo;\u00e9nergie. Au fil de la vie, certaines exp\u00e9riences, \u00e9motions &hellip;","og_url":"https:\/\/hypnosens91.fr\/index.php\/soins-energetiques\/","og_site_name":"Hypnosens","article_modified_time":"2026-04-02T09:53:52+00:00","twitter_card":"summary_large_image","twitter_misc":{"Dur\u00e9e de lecture estim\u00e9e":"1 minute"},"schema":{"@context":"https:\/\/schema.org","@graph":[{"@type":"WebPage","@id":"https:\/\/hypnosens91.fr\/index.php\/soins-energetiques\/","url":"https:\/\/hypnosens91.fr\/index.php\/soins-energetiques\/","name":"Soins \u00e9nerg\u00e9tiques - Hypnosens","isPartOf":{"@id":"https:\/\/hypnosens91.fr\/#website"},"datePublished":"2026-04-02T09:52:45+00:00","dateModified":"2026-04-02T09:53:52+00:00","breadcrumb":{"@id":"https:\/\/hypnosens91.fr\/index.php\/soins-energetiques\/#breadcrumb"},"inLanguage":"fr-FR","potentialAction":[{"@type":"ReadAction","target":["https:\/\/hypnosens91.fr\/index.php\/soins-energetiques\/"]}]},{"@type":"BreadcrumbList","@id":"https:\/\/hypnosens91.fr\/index.php\/soins-energetiques\/#breadcrumb","itemListElement":[{"@type":"ListItem","position":1,"name":"Accueil","item":"https:\/\/hypnosens91.fr\/"},{"@type":"ListItem","position":2,"name":"Soins \u00e9nerg\u00e9tiques"}]},{"@type":"WebSite","@id":"https:\/\/hypnosens91.fr\/#website","url":"https:\/\/hypnosens91.fr\/","name":"Hypnosens","description":"Hypnose &amp; \u00c9nergie","publisher":{"@id":"https:\/\/hypnosens91.fr\/#organization"},"potentialAction":[{"@type":"SearchAction","target":{"@type":"EntryPoint","urlTemplate":"https:\/\/hypnosens91.fr\/?s={search_term_string}"},"query-input":{"@type":"PropertyValueSpecification","valueRequired":true,"valueName":"search_term_string"}}],"inLanguage":"fr-FR"},{"@type":"Organization","@id":"https:\/\/hypnosens91.fr\/#organization","name":"Hypnosens","url":"https:\/\/hypnosens91.fr\/","logo":{"@type":"ImageObject","inLanguage":"fr-FR","@id":"https:\/\/hypnosens91.fr\/#\/schema\/logo\/image\/","url":"https:\/\/hypnosens91.fr\/wp-content\/uploads\/2025\/11\/logo-100.png","contentUrl":"https:\/\/hypnosens91.fr\/wp-content\/uploads\/2025\/11\/logo-100.png","width":100,"height":100,"caption":"Hypnosens"},"image":{"@id":"https:\/\/hypnosens91.fr\/#\/schema\/logo\/image\/"}}]}},"_links":{"self":[{"href":"https:\/\/hypnosens91.fr\/index.php\/wp-json\/wp\/v2\/pages\/266","targetHints":{"allow":["GET"]}}],"collection":[{"href":"https:\/\/hypnosens91.fr\/index.php\/wp-json\/wp\/v2\/pages"}],"about":[{"href":"https:\/\/hypnosens91.fr\/index.php\/wp-json\/wp\/v2\/types\/page"}],"author":[{"embeddable":true,"href":"https:\/\/hypnosens91.fr\/index.php\/wp-json\/wp\/v2\/users\/1"}],"replies":[{"embeddable":true,"href":"https:\/\/hypnosens91.fr\/index.php\/wp-json\/wp\/v2\/comments?post=266"}],"version-history":[{"count":1,"href":"https:\/\/hypnosens91.fr\/index.php\/wp-json\/wp\/v2\/pages\/266\/revisions"}],"predecessor-version":[{"id":267,"href":"https:\/\/hypnosens91.fr\/index.php\/wp-json\/wp\/v2\/pages\/266\/revisions\/267"}],"wp:attachment":[{"href":"https:\/\/hypnosens91.fr\/index.php\/wp-json\/wp\/v2\/media?parent=266"}],"curies":[{"name":"wp","href":"https:\/\/api.w.org\/{rel}","templated":true}]}}